{"id":111,"date":"2021-12-14T07:24:00","date_gmt":"2021-12-14T07:24:00","guid":{"rendered":"https:\/\/balansoskonhet.se\/?page_id=111"},"modified":"2026-02-25T12:46:33","modified_gmt":"2026-02-25T12:46:33","slug":"behandlingar","status":"publish","type":"page","link":"https:\/\/balansoskonhet.se\/?page_id=111","title":{"rendered":"BEHANDLINGAR"},"content":{"rendered":"\n<p>Behandlingar inom sk\u00f6nhet och hudv\u00e5rd. H\u00e4r kan du l\u00e4sa om samtliga behandlingar vi erbjuder dig n\u00e4r du kommer till Balans &amp; Sk\u00f6nhet i Roslagen. Boka din behandling via knappen nedan.<\/p>\n\n\n\n<div class=\"wp-block-buttons \\&quot;wp-block-buttons\\&quot; is-layout-flex wp-block-buttons-is-layout-flex\">\n<div class=\"wp-block-button \\&quot;wp-block-button\\&quot;\"><a class=\"wp-block-button__link wp-element-button\" href=\"https:\/\/www.bokadirekt.se\/places\/balans-skonhet-i-roslagen-2800\" target=\"_blank\" rel=\"noreferrer noopener\">BOKA DIN BEHANDLING<\/a><\/div>\n<\/div>\n\n\n\n<div class=\"wp-block-media-text is-stacked-on-mobile \\&quot;wp-block-media-text\"><figure class=\"wp-block-media-text__media\"><img loading=\"lazy\" decoding=\"async\" width=\"1024\" height=\"683\" src=\"https:\/\/balansoskonhet.se\/wp-content\/uploads\/2025\/11\/pe9ixuuc6qu-1024x683.jpg\" alt=\"\" class=\"wp-image-867 size-full\" srcset=\"https:\/\/balansoskonhet.se\/wp-content\/uploads\/2025\/11\/pe9ixuuc6qu-1024x683.jpg 1024w, https:\/\/balansoskonhet.se\/wp-content\/uploads\/2025\/11\/pe9ixuuc6qu-300x200.jpg 300w, https:\/\/balansoskonhet.se\/wp-content\/uploads\/2025\/11\/pe9ixuuc6qu-768x512.jpg 768w, https:\/\/balansoskonhet.se\/wp-content\/uploads\/2025\/11\/pe9ixuuc6qu-1536x1024.jpg 1536w, https:\/\/balansoskonhet.se\/wp-content\/uploads\/2025\/11\/pe9ixuuc6qu.jpg 1600w\" sizes=\"auto, (max-width: 1024px) 100vw, 1024px\" \/><\/figure><div class=\"wp-block-media-text__content\">\n<h2 class=\"wp-block-heading \\&quot;wp-block-heading\\&quot;\">ANSIKTSBEHANDLINGAR<\/h2>\n\n\n\n<p><em>Varje behandling skr\u00e4ddarsys efter din huds behov o dina \u00f6nskem\u00e5l, som t.ex:<\/em><\/p>\n\n\n\n<ul class=\"wp-block-list \\&quot;wp-block-list\\&quot;\">\n<li>Ansiktsbehandlingar i olika l\u00e4ngder<\/li>\n\n\n\n<li>Nannic NBE 3000 Ansiktsbehandlingar<\/li>\n\n\n\n<li>M Picaut behandlingar<\/li>\n<\/ul>\n\n\n\n<div class=\"wp-block-buttons \\&quot;wp-block-buttons\\&quot; is-layout-flex wp-block-buttons-is-layout-flex\">\n<div class=\"wp-block-button \\&quot;wp-block-button\\&quot;\"><a class=\"wp-block-button__link wp-element-button\" href=\"https:\/\/www.bokadirekt.se\/places\/balans-skonhet-i-roslagen-2800\">BOKA DIN ANSIKTSBEHANDLING<\/a><\/div>\n<\/div>\n<\/div><\/div>\n\n\n\n<div class=\"wp-block-media-text has-media-on-the-right is-stacked-on-mobile \\&quot;wp-block-media-text\"><div class=\"wp-block-media-text__content\">\n<h2 class=\"wp-block-heading \\&quot;wp-block-heading\\&quot;\">HUDF\u00d6RYNGRING<\/h2>\n\n\n\n<p><i>Vi utf\u00f6r f\u00f6ljande behandlingar f\u00f6r hudf\u00f6ryngring: <\/i><\/p>\n\n\n\n<ul class=\"wp-block-list \\&quot;wp-block-list\\&quot;\">\n<li>Plaxpot\/Plasmapen<\/li>\n\n\n\n<li>Dermaplaning<\/li>\n\n\n\n<li>Hudslipning\/Microdermabrasion<\/li>\n\n\n\n<li>Kemisk peeling<\/li>\n\n\n\n<li>Carbonpeel\/Holywoodpeeling<\/li>\n<\/ul>\n\n\n\n<div class=\"wp-block-buttons \\&quot;wp-block-buttons\\&quot; is-layout-flex wp-block-buttons-is-layout-flex\">\n<div class=\"wp-block-button \\&quot;wp-block-button\\&quot;\"><a class=\"wp-block-button__link wp-element-button\" href=\"https:\/\/www.bokadirekt.se\/places\/balans-skonhet-i-roslagen-2800\">BOKA DIN HUDF\u00d6RYNGRING<\/a><\/div>\n<\/div>\n<\/div><figure class=\"wp-block-media-text__media\"><img loading=\"lazy\" decoding=\"async\" width=\"600\" height=\"400\" src=\"https:\/\/balansoskonhet.se\/wp-content\/uploads\/2021\/12\/1-1.jpg\" alt=\"behandlingar ansikte\" class=\"wp-image-67 size-full\" srcset=\"https:\/\/balansoskonhet.se\/wp-content\/uploads\/2021\/12\/1-1.jpg 600w, https:\/\/balansoskonhet.se\/wp-content\/uploads\/2021\/12\/1-1-300x200.jpg 300w\" sizes=\"auto, (max-width: 600px) 100vw, 600px\" \/><\/figure><\/div>\n\n\n\n<div class=\"wp-block-media-text is-stacked-on-mobile \\&quot;wp-block-media-text\"><figure class=\"wp-block-media-text__media\"><img loading=\"lazy\" decoding=\"async\" width=\"600\" height=\"400\" src=\"https:\/\/balansoskonhet.se\/wp-content\/uploads\/2021\/12\/Skonhetssalongen.jpg\" alt=\"\" class=\"wp-image-70 size-full\" srcset=\"https:\/\/balansoskonhet.se\/wp-content\/uploads\/2021\/12\/Skonhetssalongen.jpg 600w, https:\/\/balansoskonhet.se\/wp-content\/uploads\/2021\/12\/Skonhetssalongen-300x200.jpg 300w\" sizes=\"auto, (max-width: 600px) 100vw, 600px\" \/><\/figure><div class=\"wp-block-media-text__content\">\n<h2 class=\"wp-block-heading \\&quot;wp-block-heading\\&quot;\">H\u00c5RBORTTAGNING<\/h2>\n\n\n\n<p><i>Vi utf\u00f6r f\u00f6ljande behandling f\u00f6r h\u00e5rborttagning:<\/i><\/p>\n\n\n\n<ul class=\"wp-block-list \\&quot;wp-block-list\\&quot;\">\n<li>Vaxning<\/li>\n<\/ul>\n\n\n\n<div class=\"wp-block-buttons \\&quot;wp-block-buttons\\&quot; is-layout-flex wp-block-buttons-is-layout-flex\">\n<div class=\"wp-block-button \\&quot;wp-block-button\\&quot;\"><a class=\"wp-block-button__link wp-element-button\" href=\"https:\/\/www.bokadirekt.se\/places\/balans-skonhet-i-roslagen-2800\">BOKA DIN H\u00c5RBORTTAGNING<\/a><\/div>\n<\/div>\n<\/div><\/div>\n\n\n\n<div class=\"wp-block-media-text has-media-on-the-right is-stacked-on-mobile \\&quot;wp-block-media-text\"><div class=\"wp-block-media-text__content\">\n<h2 class=\"wp-block-heading \\&quot;wp-block-heading\\&quot;\">FRANSAR OCH BRYN<\/h2>\n\n\n\n<p><i>F\u00f6ljande behandlingar erbjuds:<\/i><\/p>\n\n\n\n<ul class=\"wp-block-list \\&quot;wp-block-list\\&quot;\">\n<li>Plockning\/vaxning av bryn<\/li>\n\n\n\n<li>F\u00e4rgning fransar &amp; bryn<\/li>\n\n\n\n<li>Lashlift<\/li>\n<\/ul>\n\n\n\n<div class=\"wp-block-buttons \\&quot;wp-block-buttons\\&quot; is-layout-flex wp-block-buttons-is-layout-flex\">\n<div class=\"wp-block-button \\&quot;wp-block-button\\&quot;\"><a class=\"wp-block-button__link wp-element-button\" href=\"https:\/\/www.bokadirekt.se\/places\/balans-skonhet-i-roslagen-2800\">BOKA DIN BEHANDLING<\/a><\/div>\n<\/div>\n<\/div><figure class=\"wp-block-media-text__media\"><img loading=\"lazy\" decoding=\"async\" width=\"600\" height=\"400\" src=\"https:\/\/balansoskonhet.se\/wp-content\/uploads\/2021\/12\/7.jpg\" alt=\"\" class=\"wp-image-69 size-full\" srcset=\"https:\/\/balansoskonhet.se\/wp-content\/uploads\/2021\/12\/7.jpg 600w, https:\/\/balansoskonhet.se\/wp-content\/uploads\/2021\/12\/7-300x200.jpg 300w\" sizes=\"auto, (max-width: 600px) 100vw, 600px\" \/><\/figure><\/div>\n\n\n\n<div class=\"wp-block-media-text is-stacked-on-mobile \\&quot;wp-block-media-text\"><figure class=\"wp-block-media-text__media\"><img loading=\"lazy\" decoding=\"async\" width=\"600\" height=\"400\" src=\"https:\/\/balansoskonhet.se\/wp-content\/uploads\/2021\/12\/3-1.jpg\" alt=\"\" class=\"wp-image-73 size-full\" srcset=\"https:\/\/balansoskonhet.se\/wp-content\/uploads\/2021\/12\/3-1.jpg 600w, https:\/\/balansoskonhet.se\/wp-content\/uploads\/2021\/12\/3-1-300x200.jpg 300w\" sizes=\"auto, (max-width: 600px) 100vw, 600px\" \/><\/figure><div class=\"wp-block-media-text__content\">\n<h2 class=\"wp-block-heading \\&quot;wp-block-heading\\&quot;\">KOSMETISK TATUERING<\/h2>\n\n\n\n<p><em>T\u00e4nk att vakna varje morgon med perfekta \u00f6gonbryn och en \u00f6ppnare blick. Det kan bli m\u00f6jligt med hj\u00e4lp av en kosmetisk tatuering.<\/em><\/p>\n\n\n\n<div class=\"wp-block-buttons \\&quot;wp-block-buttons\\&quot; is-layout-flex wp-block-buttons-is-layout-flex\">\n<div class=\"wp-block-button \\&quot;wp-block-button\\&quot;\"><a class=\"wp-block-button__link wp-element-button\" href=\"https:\/\/www.bokadirekt.se\/places\/balans-skonhet-i-roslagen-2800\">BOKA DIN BEHANDLING<\/a><\/div>\n<\/div>\n<\/div><\/div>\n\n\n\n<div class=\"wp-block-media-text has-media-on-the-right is-stacked-on-mobile \\&quot;wp-block-media-text\"><div class=\"wp-block-media-text__content\">\n<h2 class=\"wp-block-heading \\&quot;wp-block-heading\\&quot;\">FOTV\u00c5RD<\/h2>\n\n\n\n<p><em>Allt fr\u00e5n medicinsk fotv\u00e5rd till pedikyr med lack.<\/em><\/p>\n\n\n\n<div class=\"wp-block-buttons \\&quot;wp-block-buttons\\&quot; is-layout-flex wp-block-buttons-is-layout-flex\">\n<div class=\"wp-block-button \\&quot;wp-block-button\\&quot;\"><a class=\"wp-block-button__link wp-element-button\" href=\"https:\/\/www.bokadirekt.se\/places\/balans-skonhet-i-roslagen-2800\">BOKA DIN FOTV\u00c5RD<\/a><\/div>\n<\/div>\n<\/div><figure class=\"wp-block-media-text__media\"><img loading=\"lazy\" decoding=\"async\" width=\"600\" height=\"400\" src=\"https:\/\/balansoskonhet.se\/wp-content\/uploads\/2021\/12\/Namnlos-design-7.jpg\" alt=\"fotv\u00e5rd\" class=\"wp-image-68 size-full\" srcset=\"https:\/\/balansoskonhet.se\/wp-content\/uploads\/2021\/12\/Namnlos-design-7.jpg 600w, https:\/\/balansoskonhet.se\/wp-content\/uploads\/2021\/12\/Namnlos-design-7-300x200.jpg 300w\" sizes=\"auto, (max-width: 600px) 100vw, 600px\" \/><\/figure><\/div>\n\n\n\n<div class=\"wp-block-media-text is-stacked-on-mobile \\&quot;wp-block-media-text\"><figure class=\"wp-block-media-text__media\"><img loading=\"lazy\" decoding=\"async\" width=\"600\" height=\"400\" src=\"https:\/\/balansoskonhet.se\/wp-content\/uploads\/2021\/12\/Skonhetssalongen-1.jpg\" alt=\"\" class=\"wp-image-66 size-full\" srcset=\"https:\/\/balansoskonhet.se\/wp-content\/uploads\/2021\/12\/Skonhetssalongen-1.jpg 600w, https:\/\/balansoskonhet.se\/wp-content\/uploads\/2021\/12\/Skonhetssalongen-1-300x200.jpg 300w\" sizes=\"auto, (max-width: 600px) 100vw, 600px\" \/><\/figure><div class=\"wp-block-media-text__content\">\n<h2 class=\"wp-block-heading \\&quot;wp-block-heading\\&quot;\">MASSAGE<\/h2>\n\n\n\n<p><em>Med en stor variation av massager, fr\u00e5n Klassisk Massage, Ansiktsmassage, NBE Kropp, Saltsten &amp; koppningsmassage<\/em>, Lymfmassage, Koppning och Flowteknikmassage.<\/p>\n\n\n\n<div class=\"wp-block-buttons \\&quot;wp-block-buttons\\&quot; is-layout-flex wp-block-buttons-is-layout-flex\">\n<div class=\"wp-block-button \\&quot;wp-block-button\\&quot;\"><a class=\"wp-block-button__link wp-element-button\" href=\"https:\/\/www.bokadirekt.se\/places\/balans-skonhet-i-roslagen-2800\">BOKA DIN MASSAGE<\/a><\/div>\n<\/div>\n<\/div><\/div>\n\n\n\n<div class=\"wp-block-media-text has-media-on-the-right is-stacked-on-mobile \\&quot;wp-block-media-text\"><div class=\"wp-block-media-text__content\">\n<h2 class=\"wp-block-heading \\&quot;wp-block-heading\\&quot;\">VANLIGA FR\u00c5GOR OCH SVAR<\/h2>\n\n\n\n<p><a tabindex=\"\\&quot;0\\&quot;\">Varf\u00f6r \u00e4r det s\u00e5 sv\u00e5rt att f\u00e5 tag p\u00e5 er n\u00e4r jag ringer?<\/a><\/p>\n\n\n\n<p>D\u00e4rf\u00f6r att n\u00e4r vi \u00e4r upptagna i behandling s\u00e5 ska den som \u00e4r h\u00e4r f\u00e5 all uppm\u00e4rksamhet och d\u00e5 kan vi inte svara i telefonen. Snabbast s\u00e4tt att n\u00e5 oss \u00e4r d\u00e4rf\u00f6r via <a href=\"https:\/\/balansoskonhet.se\/?page_id=180\" title=\"KONTAKTA OSS\">SMS <\/a>eller <a href=\"mailto:info@balansoskonhet.se\" title=\"\">e-post<\/a> som vi d\u00e5 l\u00e4ser s\u00e5 fort som det \u00e4r m\u00f6jligt.<\/p>\n\n\n\n<div class=\"wp-block-buttons \\&quot;wp-block-buttons\\&quot; is-layout-flex wp-block-buttons-is-layout-flex\">\n<div class=\"wp-block-button \\&quot;wp-block-button\\&quot;\"><a class=\"wp-block-button__link wp-element-button\" href=\"https:\/\/www.bokadirekt.se\/places\/balans-skonhet-i-roslagen-2800\">BOKA DIN BEHANDLING<\/a><\/div>\n<\/div>\n<\/div><figure class=\"wp-block-media-text__media\"><img loading=\"lazy\" decoding=\"async\" width=\"640\" height=\"427\" src=\"https:\/\/balansoskonhet.se\/wp-content\/uploads\/2026\/02\/loufre-seek-1756278_640.jpg\" alt=\"\" class=\"wp-image-981 size-full\" srcset=\"https:\/\/balansoskonhet.se\/wp-content\/uploads\/2026\/02\/loufre-seek-1756278_640.jpg 640w, https:\/\/balansoskonhet.se\/wp-content\/uploads\/2026\/02\/loufre-seek-1756278_640-300x200.jpg 300w\" sizes=\"auto, (max-width: 640px) 100vw, 640px\" \/><\/figure><\/div>\n\n\n\n<p><\/p>\n","protected":false},"excerpt":{"rendered":"<p>Behandlingar inom sk\u00f6nhet och hudv\u00e5rd. H\u00e4r kan du l\u00e4sa om samtliga behandlingar vi erbjuder dig n\u00e4r du kommer till Balans [&hellip;]<\/p>\n","protected":false},"author":1,"featured_media":0,"parent":0,"menu_order":0,"comment_status":"closed","ping_status":"closed","template":"","meta":{"om_disable_all_campaigns":false,"_monsterinsights_skip_tracking":false,"_monsterinsights_sitenote_active":false,"_monsterinsights_sitenote_note":"","_monsterinsights_sitenote_category":0,"site-sidebar-layout":"default","site-content-layout":"","ast-site-content-layout":"default","site-content-style":"default","site-sidebar-style":"default","ast-global-header-display":"","ast-banner-title-visibility":"","ast-main-header-display":"","ast-hfb-above-header-display":"","ast-hfb-below-header-display":"","ast-hfb-mobile-header-display":"","site-post-title":"","ast-breadcrumbs-content":"","ast-featured-img":"","footer-sml-layout":"","ast-disable-related-posts":"","theme-transparent-header-meta":"","adv-header-id-meta":"","stick-header-meta":"","header-above-stick-meta":"","header-main-stick-meta":"","header-below-stick-meta":"","astra-migrate-meta-layouts":"default","ast-page-background-enabled":"default","ast-page-background-meta":{"desktop":{"background-color":"var(--ast-global-color-5)","background-image":"","background-repeat":"repeat","background-position":"center center","background-size":"auto","background-attachment":"scroll","background-type":"","background-media":"","overlay-type":"","overlay-color":"","overlay-opacity":"","overlay-gradient":""},"tablet":{"background-color":"","background-image":"","background-repeat":"repeat","background-position":"center center","background-size":"auto","background-attachment":"scroll","background-type":"","background-media":"","overlay-type":"","overlay-color":"","overlay-opacity":"","overlay-gradient":""},"mobile":{"background-color":"","background-image":"","background-repeat":"repeat","background-position":"center center","background-size":"auto","background-attachment":"scroll","background-type":"","background-media":"","overlay-type":"","overlay-color":"","overlay-opacity":"","overlay-gradient":""}},"ast-content-background-meta":{"desktop":{"background-color":"var(--ast-global-color-4)","background-image":"","background-repeat":"repeat","background-position":"center center","background-size":"auto","background-attachment":"scroll","background-type":"","background-media":"","overlay-type":"","overlay-color":"","overlay-opacity":"","overlay-gradient":""},"tablet":{"background-color":"var(--ast-global-color-4)","background-image":"","background-repeat":"repeat","background-position":"center center","background-size":"auto","background-attachment":"scroll","background-type":"","background-media":"","overlay-type":"","overlay-color":"","overlay-opacity":"","overlay-gradient":""},"mobile":{"background-color":"var(--ast-global-color-4)","background-image":"","background-repeat":"repeat","background-position":"center center","background-size":"auto","background-attachment":"scroll","background-type":"","background-media":"","overlay-type":"","overlay-color":"","overlay-opacity":"","overlay-gradient":""}},"footnotes":""},"class_list":["post-111","page","type-page","status-publish","hentry"],"aioseo_notices":[],"_links":{"self":[{"href":"https:\/\/balansoskonhet.se\/index.php?rest_route=\/wp\/v2\/pages\/111","targetHints":{"allow":["GET"]}}],"collection":[{"href":"https:\/\/balansoskonhet.se\/index.php?rest_route=\/wp\/v2\/pages"}],"about":[{"href":"https:\/\/balansoskonhet.se\/index.php?rest_route=\/wp\/v2\/types\/page"}],"author":[{"embeddable":true,"href":"https:\/\/balansoskonhet.se\/index.php?rest_route=\/wp\/v2\/users\/1"}],"replies":[{"embeddable":true,"href":"https:\/\/balansoskonhet.se\/index.php?rest_route=%2Fwp%2Fv2%2Fcomments&post=111"}],"version-history":[{"count":7,"href":"https:\/\/balansoskonhet.se\/index.php?rest_route=\/wp\/v2\/pages\/111\/revisions"}],"predecessor-version":[{"id":1058,"href":"https:\/\/balansoskonhet.se\/index.php?rest_route=\/wp\/v2\/pages\/111\/revisions\/1058"}],"wp:attachment":[{"href":"https:\/\/balansoskonhet.se\/index.php?rest_route=%2Fwp%2Fv2%2Fmedia&parent=111"}],"curies":[{"name":"wp","href":"https:\/\/api.w.org\/{rel}","templated":true}]}}